e 4*f = v, -f + n*f + 2318 = 2*a. Is a composite?
False
Let d = 128010 + -65497. Is d a composite number?
True
Let m = 9 + -2. Suppose -i + m*i - 12 = 0. Suppose -5*g - i*o = -285, o = -0*g + g - 50. Is g a composite number?
True
Let w(u) = 5*u**3 - 35*u**2 + 9*u + 14. Let k be w(11). Let j = -1718 + k. Is j prime?
False
Let m be (-5 + 45/10)*0. Suppose -3*f + 0*z - 4*z + 12297 = m, -5*f + 20503 = 4*z. Is f prime?
False
Suppose 4044 = 2*n - 14*n. Let l = n + -1045. Let x = 3444 + l. Is x composite?
True
Suppose 15 - 105 = -18*g. Suppose 0 = -4*a - 2*j + 7*j + 50112, g*a - 62627 = 3*j. Is a a composite number?
True
Let y be (2/4)/(4/32). Let o(z) = -y*z + 13 + 2*z**2 - 7*z**2 + 13*z**2 - 3*z**2. Is o(18) a prime number?
False
Let w(v) = 8*v**2 + 4*v - 9. Let t be w(-8). Let i(o) = o**3 - 30*o**2 + 4*o - 27. Let q be i(31). Let g = q - t. Is g prime?
True
Let l(k) = 22*k + 1 + 0 - 6. Suppose -277*j - 78 = -290*j. Is l(j) a composite number?
False
Let y = -117 + 69. Let m = y - -53. Suppose 0*p - 45 = -p - 5*v, 0 = -m*p - v + 177. Is p composite?
True
Suppose -4*b + 11 = k, 0*b + 5*b + k = 13. Suppose 4*m + 2*y - 14 = 74, -b*y = -5*m + 110. Suppose m*j - 20*j - 782 = 0. Is j a composite number?
True
Let o(c) = 3306*c**2 + 55*c + 65. Is o(-6) prime?
True
Let i(s) = -1348*s - 53. Suppose -5*y = 4*l + 21, 2*l + 5*y = -3*l - 25. Is i(l) a composite number?
True
Let t(p) = -73*p - 4. Let c be t(-6). Suppose -6*z = z - c. Is z a composite number?
True
Suppose -1428 = 3*a - 0*a. Let k = a - -835. Let p = 1177 - k. Is p composite?
True
Let h be (-156)/104*10/(-3). Suppose j = 3*w + 9229, 3*j - 2*j + h*w - 9245 = 0. Is j a composite number?
True
Suppose 3*f = -2*f + 4*z + 122043, 5*f - z - 122037 = 0. Is f composite?
False
Let z(d) = -2*d**3 - 33*d**2 + 16*d - 17. Let c be z(-17). Let l = c + 2. Suppose 3*w + 1636 = l*s, -2*s - 4*w + 8*w = -1634. Is s composite?
False
Let u(b) = -1320*b**3 + 21*b**2 - 102*b - 983. Is u(-10) prime?
True
Suppose -o - 2*o - 9 = 0, -2*n = -o - 17195. Suppose -k - 16017 = -5*x, -k - 4218 = -4*x + n. Is x a composite number?
False
Is (5*7337 - 1) + -2*(-10)/(-4) a prime number?
False
Let g = -2077 + 3225. Let n = g + -157. Is n a prime number?
True
Let y(x) = -36*x**3 + 14*x**2 - 45*x - 24. Let w(c) = -18*c**3 + 7*c**2 - 23*c - 13. Let t(u) = 11*w(u) - 6*y(u). Is t(9) a prime number?
False
Suppose 2*g - 6 = -u, 25 = -5*u + 5. Suppose -g*c + 0*z - 3*z + 11420 = 0, -6841 = -3*c - 4*z. Is c a prime number?
True
Let l(v) = 355*v**2 + 3*v + 4. Let g be l(-1). Let j = 1333 - g. Is j composite?
False
Let a(y) = 27574*y**2 + 67*y + 371. Is a(-6) composite?
False
Let m = -243649 - -418466. Is m prime?
False
Suppose 2547721 + 2587314 = 35*t + 60*t. Is t composite?
True
Let f = 2254944 + -1393127. Is f composite?
True
Suppose 4*w = 3*o - 4*o - 23, 9 = -3*o. Let u(h) = -94*h + 8. Let p be u(w). Let x = p - -195. Is x a composite number?
False
Let y be 4/4*(-5 + 2 + 2). Is (1/2)/((-4)/(y + -3207)) a prime number?
True
Is (-49586)/(-4)*(-14 + 16) prime?
True
Let u = 459 + -651. Let g = u - -20. Let j = g + 537. Is j a composite number?
True
Let s = -75629 + 160782. Is s composite?
True
Let k = 373058 + 18351. Is k composite?
True
Let m(j) = -5*j + 20. Let v be m(21). Let x = -45 - v. Suppose -x*p = -34*p - 186. Is p a prime number?
True
Let j(u) = -u**3 - 11*u**2 + 25*u + 7. Let v be j(-13). Let z(h) = -h**3 + 26*h**2 - 7*h - 22. Let g be z(v). Suppose -2*a - g = -8*a. Is a prime?
True
Suppose 122*p - 373*p + 84165762 = -60181577. Is p prime?
False
Let h(d) = 2552*d**3 - d. Let u be h(1). Suppose -3*r - 12796 + u = -3*a, -3*a = 4*r - 10245. Is a a composite number?
True
Suppose -111102 = -76*i + 70*i. Is i a composite number?
False
Let x(m) be the second derivative of 7*m**5/20 + m**4/12 + m**3/2 + 9*m**2/2 + 14*m. Let z be x(-4). Let k = z - -752. Is k a composite number?
False
Let k(m) = -29608*m + 229. Is k(-4) prime?
True
Let g = 376 - 20. Let d = 3431 + g. Is d composite?
True
Suppose -56*g + 48*g + 7336 = 0. Let u = g - -9. Is u prime?
False
Suppose -22*k = -59*k + 12670465. Is k a prime number?
False
Suppose 5*b - 5*q - 530 = 0, -146 = 5*b + 4*q - 694. Let f = 97 - b. Let k(o) = 22*o**2 + 26*o + 15. Is k(f) composite?
True
Suppose -114540 = -14*j + 8380. Suppose 2*r - 1946 = x + 1575, -5*r = 5*x - j. Is r a composite number?
False
Let i(y) = 2*y + 2. Let m(d) = -22*d - 41. Let b(g) = -3*i(g) - m(g). Is b(47) prime?
True
Let s(q) = 393*q**2 - 101*q + 91. Is s(40) prime?
True
Let f(y) = -1487*y**2 + 2 - 21*y - 5*y + 1490*y**2 + 8. Is f(11) a composite number?
True
Let h = 663 - -1. Suppose -2*n = -3*z + h, 3*z + n = 757 - 81. Suppose -z - 275 = -b. Is b composite?
False
Let b(t) = 8140*t**3 - 2*t**2 - 163*t + 971. Is b(6) a composite number?
False
Suppose -12*o + 163287 = -2*l - 568725, -3*o + 5*l = -183003. Is o composite?
False
Let s = -49 - 4. Let r = 152 - s. Let w = 132 + r. Is w a composite number?
False
Suppose -3*v = x - 69166, 305*x - v + 276653 = 309*x. Is x a prime number?
True
Suppose u + 11 = -0*u - j, -3*j = -4*u - 9. Is (-9931)/u + 3/(-4 - 14) a composite number?
True
Let w(l) = 2205*l**2 - 3*l + 4. Let g be w(1). Suppose 4*f - 20 = 0, 0*f = -d - 5*f + g. Is d a prime number?
False
Suppose 19*x - 74304 - 64962 = x. Is x a composite number?
True
Let l(q) be the first derivative of 251*q**2/2 - 6*q - 38. Is l(5) a composite number?
False
Suppose -43*m + 103000 = -5*l - 46*m, 5*m = 2*l + 41200. Let t = -13101 - l. Is t a prime number?
True
Let u = 109182 + -37205. Is u composite?
True
Let h be (-18)/(-9) - -1*54. Suppose -h*q = -1067930 + 247978. Is q composite?
True
Let r = 45 + -45. Suppose -h + 1154 + 2451 = r. Suppose -44*l = -39*l - h. Is l a prime number?
False
Let p be 2661/((28/(-12) + 2)*-3). Let b = 3874 - p. Is b prime?
True
Let g = -98538 - -149137. Is g a composite number?
False
Let j = 235689 - 17710. Is j prime?
True
Suppose 14*l - 17*l = -12. Let c(m) = 3*m**3 - 4*m**2 + 2*m + 5. Is c(l) prime?
False
Suppose 4*u = -18 + 6. Let r be 1/1 + 4591 - u. Suppose -5*p = 2*b - r, 0 = p + b - 1190 + 271. Is p prime?
True
Let i(u) = -2120*u - 26. Let n be i(-9). Suppose 105*v - 103*v = n. Is v prime?
False
Is 6 - (-25108524)/16 - (5 - (-147)/(-28)) a prime number?
True
Let v be (-3)/24*-2 + (-4)/16. Suppose -4*c + 369 + 27 = v. Let o = -77 + c. Is o composite?
True
Let a = -1878 - 4155. Let i = -4198 - a. Is i a prime number?
False
Let a = -2 - 16. Let m be 22*(77/a - (-2)/(-9)). Let g = m + 548. Is g a prime number?
True
Let q = -34372 - -60957. Suppose -q + 8427 = -2*n. Is n prime?
False
Suppose 3*t + 217 = 4*p, 2*t + p + 0*p + 141 = 0. Let j = -72 - t. Is (j/(-2))/((-20)/(-12680)) a prime number?
True
Suppose 0 = -2*m + 3*m - 2. Is m/(-4) + (16065/10 - 3) a composite number?
True
Let a(c) be the first derivative of 7*c**2/2 - 39*c - 10. Let x be a(6). Suppose 951 - 3852 = -x*z. Is z composite?
False
Let c = 211 + -84. Suppose 2*r - 15 = -5*s + 124, 2*r = -s + c. Let h = r + 159. Is h composite?
True
Suppose 230*k - 3*d = 229*k + 71455, -k = d - 71459. Is k a prime number?
False
Suppose -6*x + 15 = -3*x, 0 = 2*n + 5*x - 43. Let y(s) = s**3 - 5*s**2 + 14*s - 43. Is y(n) a prime number?
False
Suppose 17*h = 16*h + 2. Suppose -h*q - q = -546. Suppose 0 = -2*r - 5*a + 168, 5*a + q = 2*r + 3*a. Is r prime?
True
Let h(x) = 4204*x + 1649. Is h(15) prime?
True
Suppose m = -4*w + w - 7311, 7315 = -m - 5*w. Let i = 1127 + m. Is (-14)/(-84) - i/12 composite?
True
Let q = 588 + -585. Let h be (-4)/(-1) - (1 - 1). Suppose h*m = z - 1097, q*z = -z + m + 4463. Is z a composite number?
False
Let x(g) = -g**2 + 30*g + 40. Let r be x(31). Suppose 2*q = -3*p + 1283, -r*p + 20 = -5*p. Is q a composite number?
True
Suppose -30*f + 3929787 = 3*f + 265830. Is f a prime number?
True
Suppose 3*t = 4*n - 3055 - 3053, 0 = 4*n + 3*t - 6084. Is (2 + 27)/(4/(n/3)) composite?
True
Let b(y) = y**3 + 15*y**2 + 13*y + 9. Suppose 0 = 9*k - 3*k + 30. Let i be 11/(-55) + 64/k. Is b(i) prime?
False
Suppose -2*s - 2*w = -1668262, -148*s - 4*w - 834131 = -149*s. Is s a composite number?
False
Let w(c) be the second derivative of 0 + 14/3*c**3 - 11*c + 17/2*c**2. Is w(14) prime?
True
Let y be (2/(-4))/((-1)/(-72)). Let n be 12/y - 20/(-6). Is 2/(6*n/713